 third derivative of 0*f + 0 + 61*f**2 - 1/6*f**5 + 1/120*f**6 + 5/6*f**3 - 11/24*f**4. Determine y(m).
5
Let q(l) = -8*l + 107. Suppose -26 + 18 = 68*y - 892. Calculate q(y).
3
Let z(h) = 9*h - 1. Let d(k) = k + 11. Let l be d(-11). Let f(m) = 2*m + 0*m + 0*m + l*m. Let r(b) = -10*f(b) + 2*z(b). Calculate r(-2).
2
Let z(p) = -5*p - 4*p - 26 + 9*p + 61 - 2*p. Let m be z(20). Let y(w) = -w**2 - w + 5. Determine y(m).
-15
Let m(k) = 25*k + 98. Let a be m(-5). Let f be (a/(-24))/((-21)/(-280)). Let v(w) = -w + 29. Calculate v(f).
14
Let j(h) be the third derivative of h**4/6 + 79*h**3/3 + 2*h**2 - 205. Give j(-41).
-6
Let r(j) = 2*j**2 - 31*j + 19. Let m be (-1 - 2 - 3) + 21. Let o be r(m). Let i(t) = t**3 - 5*t**2 + 4*t - 4. Calculate i(o).
-4
Let o(g) be the second derivative of -g**5/60 + 7*g**4/24 + 51*g**3/2 - 2*g - 115. Let i(a) be the second derivative of o(a). Calculate i(-6).
19
Let w(d) = -2*d**3 - d**2 + 8*d - 6. Let u be w(-3). Let b(q) = -5*q + 0*q + 6*q - 25. Calculate b(u).
-10
Suppose -1425 = 14*r - 1383. Let a(t) = -3*t**2 + 5*t**2 - 4*t + t + t**3 + 0*t**3 + 2. Calculate a(r).
2
Let a(m) = -16*m - m**3 + m**3 - 10*m**2 + 17 + 2*m**3 - 5*m**3. Let i(o) = -2*o**3 - 9*o**2 - 14*o + 16. Let d(r) = 3*a(r) - 4*i(r). Give d(7).
-6
Let u(q) = -4*q + 3 + 27 - 48 + 2*q. Let i be u(-12). Let h(c) be the first derivative of c**2/2 + 3*c + 1. Give h(i).
9
Let l be (1/2)/((-1)/2). Let c(h) = -5*h + 7 + 11*h - 7*h + 28*h + 9*h**2. Let g(j) = 5*j**2 + 12*j + 3. Let y(m) = 4*c(m) - 9*g(m). Give y(l).
-8
Suppose 4*c - n + 24 = 0, 13 = -26*c + 25*c + 2*n. Let p(k) = 2*k**2 + k - 14. Determine p(c).
31
Let a(p) = -p**2 - 2*p + 4. Let v = -104 - -54. Let m = -50 - v. Suppose -10*y + 2*y + 24 = m. Calculate a(y).
-11
Let a(r) = 3*r + 108. Let w be a(-28). Let j(i) = -w*i - i**2 + 14*i + 0*i. Determine j(-10).
0
Suppose -18 = -105*q + 96*q. Let g(k) = -4*k + 13*k**2 - 5*k**2 + k**2 - 6*k**2. Determine g(q).
4
Let b(w) = 23*w - 125. Let k(y) = -11*y + 58. Let n(q) = 6*b(q) + 13*k(q). What is n(3)?
-11
Let t(x) = -x + 12. Let v be 604/10 - 15/(-25). Suppose -o = 4*b - v, 0*o = -3*b + 3*o + 42. Calculate t(b).
-3
Let j(v) be the first derivative of 3*v**4/4 + 2*v**3/3 - v**2/2 - 6*v - 794. Give j(-3).
-66
Let o = -38 + 27. Let s(g) = 3*g - 29. Let c(r) = 5*r - 44. Let k(j) = -5*c(j) + 8*s(j). Determine k(o).
-1
Let r(t) = -5*t**3 + 4*t**2 - 7*t + 5. Let c be (((-108)/(-15))/(-6))/((-3)/5). Give r(c).
-33
Let l(f) = -f**2 - 6*f + 12. Let r be l(2). Let c(w) be the second derivative of 1/6*w**3 + 0 + w - w**2. Calculate c(r).
-6
Let d(h) = -3*h - 15*h + 69 - 21*h - 22*h + 63*h. Determine d(17).
103
Let l(z) = 51*z**3 + 13*z**2 + 9*z - 14. Let q(t) = 34*t**3 + 8*t**2 + 6*t - 9. Let p(k) = 5*l(k) - 8*q(k). Calculate p(1).
-17
Let p(k) = k. Suppose 40*m + 832 = 8*m. Let x be 4/(m/3 + 8). What is p(x)?
-6
Let i(z) = 2*z - 14*z**2 - 10*z**3 + 2*z**2 + 27 + 9*z**3. Let t be i(-12). Let a(q) = -3*q - 3*q**t - 2*q**2 + 9*q**3 + q**3 - 6*q**3 + 2. Give a(3).
2
Let n(s) be the third derivative of -s**7/1008 + s**6/72 + 41*s**5/20 + 103*s**2. Let c(x) be the third derivative of n(x). Calculate c(3).
-5
Let v(b) be the third derivative of -1/2*b**3 - 43*b**2 + 1 + 0*b - 1/12*b**4. What is v(5)?
-13
Let z be 570/(-14) + 4/(-14). Suppose 387*t - 267*t - 4920 = 0. Let b = t + z. Let y(q) = -q**2 - 5. Calculate y(b).
-5
Let d(v) be the first derivative of v**4/4 - v**2 + 2*v + 3474. Let o(u) = u - 3. Let p be o(0). Give d(p).
-19
Let g(j) = -15*j - 56. Let b(h) = 19*h + 73. Let l(k) = 10*b(k) + 13*g(k). Let r be 3 + 1*(1 + -2). Determine l(r).
-8
Let v be 112/(-32) - 88/16. Let q(p) = -2*p - 37. What is q(v)?
-19
Let a(o) = -7*o + 20. Let z(l) = -8*l + 22. Let g(t) = -6*a(t) + 5*z(t). Let y(p) = -6*p - 27. Let i be y(-6). Calculate g(i).
8
Let j(z) = -7*z**2 + 6. Let y(q) be the third derivative of -q**5/20 + q**4/24 + q**3/2 + 19*q**2. Let b(t) = 2*j(t) - 5*y(t). Give b(6).
3
Let j(f) = -44*f + 6. Suppose -245 = -166*q + 253. Determine j(q).
-126
Let a(y) = -17*y**2 - 28*y + 2. Let l = -190 - -188. Let m be a(l). Let o(w) be the first derivative of -w**3/3 - 11*w**2/2 - 7*w + 5. Calculate o(m).
3
Let s(t) = t - 14. Let i(d) = -74*d - 819. Let h(p) = i(p) - 19*s(p). Determine h(-6).
5
Let q = 69 - 61. Suppose 3*p = -4*g + q, -p = -4*p. Let y(t) = g*t + 3*t - 2*t + 0*t. Give y(-1).
-3
Let f(k) = k**3 + 13*k**2 + 13*k + 19. Let p = 266 + -278. Let c be f(p). Let n(m) = m + 1. What is n(c)?
8
Let m(b) = b**2 - 5*b - 1. Suppose -33*h = -8 - 3 - 88. Give m(h).
-7
Let d(n) be the third derivative of 0 + 4*n - 1/30*n**5 + 0*n**4 + 1/3*n**3 - 7*n**2. Give d(-2).
-6
Let b(r) = -1836 + 265*r - 254*r + 1821. Calculate b(3).
18
Let t = -21552 - -21555. Let a(d) = -14*d + 9. What is a(t)?
-33
Let v(i) = -i**2 - 7*i. Let x be (-1 - -3) + -7 + 12 + 25. Suppose 7*l + 53 - x = 0. Determine v(l).
12
Let i(c) be the third derivative of c**5/60 - c**4/3 + 29*c**3/6 + 9*c**2 + 2*c - 8. What is i(4)?
13
Let z(m) = 3*m - 1. Let f(t) = 14*t - 88. Let k be f(7). Let u(l) = -12 + 10*l**2 + l**2 + 0*l - 7*l - l**3 - 2*l. Let x be u(k). Calculate z(x).
-7
Suppose 0 = -10*c + 27*c - 357. Suppose 12*h + 33 - c = 0. Let a(n) = 7*n. Calculate a(h).
-7
Let m(h) = -8*h + 106. Let p = 3346 - 3333. Determine m(p).
2
Let d = -154 + 164. Let r(c) be the second derivative of -c**4/12 + 2*c**3 - 15*c**2/2 - 66*c. Determine r(d).
5
Suppose -14*x + 590 - 562 = 0. Let b(c) = 11*c - 4. Determine b(x).
18
Suppose -x + 2*y - 6 = -3, -y + 33 = -4*x. Let p be x/(-18)*(1/1 - -1). Let u(a) = -5*a**2 + 2*a - 1. Calculate u(p).
-4
Let b(l) = -9*l**2 - 42*l**3 + 683*l + 43*l**3 - 659*l - 4 - l**2. Give b(4).
-4
Suppose 3*r - 2*d - 11 = -33, -2*r = -5*d + 11. Let p(c) be the second derivative of -c**4/12 - 11*c**3/6 - 5*c**2/2 + 1771*c. Calculate p(r).
19
Let b = -3 - 0. Let a be (-66)/143*26/(-3). Let w(h) = 412*h - a*h**2 - 411*h + 1 + 30*h**3 - 31*h**3. What is w(b)?
-11
Let z(k) be the first derivative of k**4/4 - k**3 - 3*k**2/2 + 5*k - 1139. Let v be (-3)/2*72/(-27). Give z(v).
9
Suppose 12*a = 14*a - 2*y - 42, -y = 0. Suppose 259 = -20*q - a. Let m(k) = k**2 + 13*k + 12. Determine m(q).
26
Suppose 0 = -4*t + z - 3, -11 = 2*t + z - 2. Let p = t - 0. Let l(r) = -20*r - 27. Let w(x) = 13*x + 17. Let v(s) = 5*l(s) + 8*w(s). Calculate v(p).
-7
Let p be (6*-28)/12 - (-55 - -44). Let u(j) = -2*j - 4 - 2*j**2 - 3*j + 1. Calculate u(p).
-6
Suppose -50*h = 88 + 62. Let j(z) = z + 11. Let f be j(-9). Let c(k) = -2*k + k + f*k + 7*k. Calculate c(h).
-24
Let k(x) = -4*x - 50. Let w(o) = -7*o - 88. Let d(u) = 5*k(u) - 3*w(u). What is d(-5)?
9
Let u(x) = 2 + 1188*x**3 + 0 - 399*x**3 - 398*x**3 - 2*x**2 - x - 392*x**3. Calculate u(-2).
4
Suppose 4*w - 11 = -p, -3*w + 4*p + 7 = -6. Suppose -x - 3 = 3*c, -w*x = c + 3*c + 19. Let q(y) = -y - 19. Calculate q(x).
-10
Let m(l) = 9*l**2 - 3. Let g(z) = -2*z**2 + z + 1. Let k(x) = -5*g(x) - m(x). Let b be (-92)/5 - 4/(-10). Let u = b - -21. What is k(u)?
-8
Suppose 2*f = 14 - 198. Let b = f - -99. Let z(j) = -j**2 + 9*j - 8. Determine z(b).
6
Let x = -120 - -114. Let p(y) = y**3 + 7*y**2 + 10*y + 29. Give p(x).
5
Let a(t) be the first derivative of -t**3 - 5*t**2/2 - 4*t + 20927. Let m be 1*-2 - (-4 + 6). Calculate a(m).
-32
Let v(k) be the first derivative of -k**7/840 + k**6/72 - k**4/8 - 55*k**3/3 + 45. Let u(n) be the third derivative of v(n). Determine u(5).
-3
Suppose -57*a + 508 = -204*a + 3889. Let p(n) = -n**2 + 24*n - 13. Determine p(a).
10
Let u(y) = -8*y - 9 - 6*y + 12*y - 4 + 3*y**2 + 9. Let d(z) = z + 8. Let v be d(-6). Let i(r) = 15*r**2 - 11*r - 21. Let p(a) = v*i(a) - 11*u(a). What is p(-2)?
-10
Let k = 1595 + -1607. Let u(q) = -9*q - 69. Determine u(k).
39
Let w(n) = 2*n**2 - 4*n - 3. Let x(a) = 3*a - 2*a - 1 - 2*a. Let l(m) = -w(m) + 2*x(m). Let k be ((-24)/36)/(2/3). Give l(k).
-3
Let d(s) = 2*s - 3. Let k(p) = p + 8. Suppose 4*j - 4*w - 12 = 0, j = -4*w - 1 + 4. Suppose 4*q = -2*v + 3*v - 19, -j*v = 2*q - 1. Let m be k(q). What is d(m)?
5
Let m(d) = 3028 - 7*d - 6037 + 3029. Give m(4).
-8
Let s(l) = 2*l**3 - 377 + l**2 + 386 + l**3 + l - 2*l**3. Let w be s(0). Let y(r) be the first derivative of r**3/3 - 4*r**2 - 6*r + 1. Determine y(w).
3
Let t(i) be the first deri